103122040 - -2?
221103122042
In base 7, what is -1032 - -3264?
2232
In base 16, what is -112e - -187?
-fa7
In base 15, what is -1a - -15c656e?
15c6554
In base 3, what is 212110012201002 - -1?
212110012201010
In base 10, what is -1667090 + 0?
-1667090
In base 11, what is -19559 + -9a4?
-1a452
In base 14, what is 271 + -862d?
-839c
In base 12, what is 1a - 3498a87?
-3498a69
In base 13, what is -65 + -4205c?
-420c4
In base 12, what is 5 + -309903?
-3098ba
In base 11, what is 15289348 + -3?
15289345
In base 5, what is 242201214 - 4?
242201210
In base 5, what is 1404 + -14420100?
-14413141
In base 6, what is 431245 - 140?
431105
In base 15, what is 1 - -1771?
1772
In base 12, what is -201 + -bb742?
-bb943
In base 16, what is 114e + -2fd2?
-1e84
In base 7, what is 64433436 + -20?
64433416
In base 6, what is 23 - -542123212?
542123235
In base 4, what is -130010331 + -123003?
-130200000
In base 11, what is 67a1 + 18971?
24662
In base 16, what is 7 + -3cbe?
-3cb7
In base 4, what is 132122 - -123210?
321332
In base 6, what is 14351320451 - 3?
14351320444
In base 5, what is 103024 + 1412?
104441
In base 13, what is 584 + 1095?
1649
In base 7, what is -653332132 - 0?
-653332132
In base 3, what is 12 + 10021121112220?
10021121120002
In base 2, what is 11011000010111111000 - -10100101?
11011000011010011101
In base 11, what is 1068 + -5588?
-4520
In base 11, what is 60302 - 293?
6001a
In base 4, what is 1012010 + 13312?
1031322
In base 9, what is 10 - 450446?
-450436
In base 2, what is 11000100100 - -110101011011100?
111000100000000
In base 11, what is 266 + -77950?
-77695
In base 6, what is 341 - 523344?
-523003
In base 2, what is -101111010011011010011010 - 11?
-101111010011011010011101
In base 13, what is -10619464a + -1?
-10619464b
In base 16, what is f6b6 + -76d?
ef49
In base 5, what is -1 + 204442032?
204442031
In base 2, what is -11011000010010101001101010 - 11?
-11011000010010101001101101
In base 16, what is 17 + 6c4b9?
6c4d0
In base 6, what is -5441331 - 132?
-5441503
In base 4, what is 13323 + -12301012?
-12221023
In base 13, what is -5 + 6347b?
63476
In base 4, what is 301113010 + 13023?
301132033
In base 7, what is -61 + -654203?
-654264
In base 12, what is -3 + 3a041?
3a03a
In base 14, what is -12c8b - d3?
-12d80
In base 5, what is 12211443 - 24?
12211414
In base 11, what is -1a8 - 106496?
-106693
In base 14, what is 4 - -188d867a?
188d8680
In base 12, what is 15a + 818050?
8181aa
In base 14, what is -5a870 - -4a?
-5a824
In base 13, what is 39145 - 4437?
34a0b
In base 2, what is -11101001 + -11111110101111000?
-11111111001100001
In base 10, what is 1267 + -11973?
-10706
In base 2, what is -10111000110001100010100100 + -101?
-10111000110001100010101001
In base 5, what is 2 - -444131130?
444131132
In base 5, what is 3 + 13444030403?
13444030411
In base 6, what is -4042305005 + -4?
-4042305013
In base 4, what is 101212113300 + -103?
101212113131
In base 11, what is 323aa022 - 3?
323aa01a
In base 15, what is -dc - 20bc1?
-20cad
In base 14, what is 1182 + -592?
9d0
In base 8, what is -3 - -202317105?
202317102
In base 14, what is 15194c - 11a?
151832
In base 5, what is 2133243 + 104414?
2243212
In base 13, what is 60 - 8513?
-8483
In base 9, what is -6 + 81283773?
81283766
In base 5, what is 41400 - 10204?
31141
In base 8, what is 5046377 + -321?
5046056
In base 7, what is -2125 - -145365?
143240
In base 6, what is 4 + -1425543250?
-1425543242
In base 13, what is 60c + 6256b?
62b7a
In base 12, what is 5831 + -15352?
-b721
In base 7, what is -233061 - -666?
-232062
In base 5, what is -140120341 - 0?
-140120341
In base 8, what is -3720 + -771142?
-775062
In base 7, what is -5 + -2341150052?
-2341150060
In base 5, what is -3 + 32124241244?
32124241241
In base 4, what is 11020 + -1203210211?
-1203133131
In base 3, what is 1001 - -122211222011222?
122211222020000
In base 6, what is 1052301 + -205534?
442323
In base 2, what is -101 - -101010111110001101110100?
101010111110001101101111
In base 2, what is 1001010100111100001001010 + 10?
1001010100111100001001100
In base 10, what is 3 + 6615532?
6615535
In base 6, what is 3551523 + -33?
3551450
In base 13, what is -1 + -57ac31?
-57ac32
In base 8, what is 33152450 + -2?
33152446
In base 16, what is 17895 + -1d1?
176c4
In base 15, what is 266 - -21b6c?
21dd3
In base 15, what is 221c - -bcc7?
dee4
In base 12, what is -1754 + 27674?
25b20
In base 11, what is 752838 - -56?
752893
In base 15, what is 433252 + -2?
433250
In base 2, what is 101 + 10011100111000010100?
10011100111000011001
In base 9, what is -483231 - 280?
-483521
In base 8, what is 0 - -6754040?
6754040
In base 7, what is 3 - 6634265?
-6634262
In base 11, what is 335011 - -92?
3350a3
In base 9, what is -386800 + 105?
-386684
In base 6, what is -23 + -10543225?
-10543252
In base 16, what is 5 + 8056086?
805608b
In base 8, what is -313464 - 5?
-313471
In base 8, what is -2 - 2563463?
-2563465
In base 7, what is -66 - -4231466?
4231400
In base 13, what is 2a3cc4 - -2?
2a3cc6
In base 3, what is 2 - -1120100000120?
1120100000122
In base 15, what is 8 - 34da5?
-34d9c
In base 3, what is 1122120222120101 + 11?
1122120222120112
In base 2, what is -1110001011100111 - -1011001?
-1110001010001110
In base 14, what is 847b6 - -1?
847b7
In base 4, what is -12330110021001 - -10?
-12330110020331
In base 7, what is -16 - -1036434?
1036415
In base 3, what is 100000111021012221 - 0?
100000111021012221
In base 2, what is 110 - -1011010000100000001001?
1011010000100000001111
In base 9, what is 2526043 - -632?
2526675
In base 2, what is -11101001 - 1000111101010?
-1001011010011
In base 2, what is -111011010101111 + -110101110001?
-1000010000100000
In base 6, what is 10453250123 - -3?
10453250130
In base 15, what is -3c - -10453b?
1044ee
In base 2, what is -11101110010101010010110 - 11?
-11101110010101010011001
In base 5, what is 20022312 - 40210?
14432102
In base 6, what is 40141 - 103040?
-22455
In base 6, what is -2 - 1324214112?
-1324214114
In base 11, what is -737 + -8185?
-8911
In base 10, what is 2007023 - -143?
2007166
In base 13, what is -c8 - 45386a?
-453965
In base 14, what is 3 + 9c6a0c7?
9c6a0ca
In base 2, what is -10010101 + 100111101111110?
100111011101001
In base 2, what is 101 + -11010110100111001110?
-11010110100111001001
In base 12, what is 3 - b277982?
-b27797b
In base 7, what is -4335033 - -224?
-4334506
In base 5, what is -43122 + 20102?
-23020
In base 16, what is -1c8182 - 10?
-1c8192
In base 14, what is 5936 - -2ad7?
862d
In base 6, what is -21 - 115530444?
-115530505
In base 2, what is 100010000001000100100111001 + -1?
100010000001000100100111000
In base 8, what is 425 + -16324604?
-16324157
In base 10, what is -213824 - 79?
-213903
In base 14, what is da959 + 79?
da9d4
In base 15, what is -5c626 - -2?
-5c624
In base 16, what is 3fd7 + -8ce?
3709
In base 7, what is 145500346 - -5?
145500354
In base 13, what is 42 + -29155?
-29113
In base 9, what is 805 - 1275563?
-1274657
In base 8, what is -1635 + -6104?
-7741
In base 2, what is 11111000001 - 11100001100?
10110101
In base 5, what is 2324 + -1034141?
-1031312
In base 7, what is -26635360 - -360?
-26635000
In base 8, what is -155372 + 2224?
-153146
In base 14, what is -d358 + -11a?
-d474
In base 14, what is 6ba + -1ac1?
-1405
In base 7, what is -43342055 - 11?
-43342066
In base 12, what is 24558ba92 - -4?
24558ba96
In base 15, what is -2ee - -1db9?
1aba
In base 6, what is 50042 - 3040?
43002
In base 12, what is 5 - -124a190?
124a195
In base 4, what is 10011030333 - -1003?
10011032002
In base 4, what is 223203 + 12031202?
12321011
In base 8, what is 1570470 - -135?
1570625
In base 9, what is -16503 + -5860?
-23463
In base 14, what is -155561 + -24?
-155585
In base 13, what is 137115 - -b?
137123
In base 12, what is 5105 + 149?
5252
In base 9, what is 4 - 15538158?
-15538154
In base 15, what is 3 + 2bce4d?
2bce51
In base 13, what is -1147914 + -8?
-114791c
In base 8, what is 13054 - 5550?
5304
In base 2, what is 111001111100 + -11010011110000?
-10011001110100
In base 3, what is 120 - -2201100011110102?
2201100011110222
In base 14, what is -332958 - 18?
-332972
In base 14, what is -8d2b80 - -4?
-8d2b7a
In base 8, what is -13522544 - 1?
-13522545
In base 9, what is -252700 - -37?
-252652
In base 6, 